 -35*x**2 - 690*x - 391. What is p(-18)?
689
Let b(w) = 3063*w + 1114891. What is b(-364)?
-41
Let g(b) = 4838*b - 38883. Give g(8).
-179
Let c(b) = -2*b**3 + 451*b**2 + 1592*b + 2496. Calculate c(229).
-23
Let q(u) = -173470*u - 3816312. What is q(-22)?
28
Let i(n) = -41*n**2 + 1067*n - 4921. Determine i(6).
5
Let c(u) = -40443*u - 161779. Give c(-4).
-7
Let v(h) = -249*h**2 - 2817*h + 2816. What is v(1)?
-250
Let f(x) = -x**3 - 13*x**2 - 97*x - 335. What is f(-4)?
-91
Let z(r) = -26*r**3 + 26763*r**2 - 9250*r - 11320. What is z(1029)?
-1
Let v(i) = -3*i**2 + 133*i - 483. What is v(4)?
1
Let h(g) = 10171*g + 103783. Give h(-10).
2073
Let i(l) = -346*l + 2524. What is i(9)?
-590
Let k(i) = i**3 - 4*i**2 - 68*i - 81. What is k(-11)?
-1148
Let s(h) = 2*h**3 + 26*h**2 + 1788*h + 15458. What is s(-9)?
14
Let j(c) = c**2 + 2778*c + 661412. Determine j(-263).
-33
Let m(u) = 21*u**2 - 98*u + 36. Give m(6).
204
Let s(i) = -5*i**2 + 150*i + 190. Determine s(11).
1235
Let m(y) = -y**3 - 143*y**2 - 4065*y - 879. What is m(-104)?
57
Let r(g) = 842*g**2 + 4203*g - 12. Determine r(-5).
23
Let m(i) = -38*i**2 + 1697*i + 6813. What is m(-4)?
-583
Let t(l) = -8*l**3 + 5*l**2 + 178*l - 185. Determine t(1).
-10
Let r(h) = -7*h**3 - 231*h**2 - 204*h + 643. Determine r(-32).
3
Let c(d) = 808*d - 12651. Give c(16).
277
Let t(z) = 14*z**2 - 855*z - 5046. Calculate t(65).
-1471
Let b(i) = -5382*i + 21382. Calculate b(4).
-146
Let l(a) = 33*a**3 - 1090*a**2 - 2558*a + 85510. Give l(33).
7
Let u(x) = -42*x**2 + 181*x - 8. Give u(2).
186
Let u(o) = 152*o - 6250. Give u(49).
1198
Let n(y) = -23*y**2 - 5084*y - 280. Give n(-221).
-59
Let x(u) = -2*u**3 - 110*u**2 + 3583*u + 180. Give x(23).
65
Let g(n) = -30762*n**2 - 61519*n + 3. Calculate g(-2).
-7
Let h(j) = -j**2 + 7351*j - 1939092. Give h(274).
6
Let j(q) = -2*q**2 + 106*q + 2715. Give j(83).
-2265
Let q(u) = u**3 - 63*u**2 - 50*u - 1117. Calculate q(64).
-221
Let q(y) = -6547*y - 680918. What is q(-104)?
-30
Let h(t) = -t**3 - 48*t**2 - 32*t - 221. Give h(-47).
-926
Let v(c) = -95203*c + 572106. Determine v(6).
888
Let x(r) = -6210*r + 10787. What is x(3)?
-7843
Let y(z) = 2*z**3 + 18*z**2 + 884*z + 7959. What is y(-9)?
3
Let c(j) = -1001671*j - 8013367. What is c(-8)?
1
Let r(b) = -b**2 - 16040*b - 176331. What is r(-11)?
-12
Let w(j) = j**3 + 20*j**2 - 11*j - 969. Calculate w(-18).
-123
Let c(z) = z**2 + 2479*z + 104719. What is c(-43)?
-29
Let w(l) = -l**3 - 906*l**2 - 18571*l + 12398. Determine w(-885).
8
Let z(p) = 2*p**3 + 8*p**2 + 221*p + 1488. Give z(-6).
18
Let m(k) = k**3 + 329*k**2 + 2895*k + 4562. Give m(-320).
-238
Let a(l) = -1469*l + 318840. Calculate a(217).
67
Let q(o) = -5071*o - 116643. Give q(-23).
-10
Let x(j) = 491*j**2 - 1136*j + 654. What is x(1)?
9
Let a(m) = 453*m + 6272. Calculate a(-13).
383
Let p(g) = -g**3 - 127*g**2 + 1526*g + 179060. Calculate p(-128).
116
Let n(k) = 47868*k - 47700. Give n(1).
168
Let i(y) = -50*y**2 + 36*y - 1. Give i(2).
-129
Let v(q) = -236*q**2 - 2684*q - 938. Determine v(-11).
30
Let i(r) = -r**3 + 12*r**2 + 110*r + 43. Give i(17).
468
Let l(q) = -1716*q + 139014. Give l(81).
18
Let n(l) = l**2 + 51*l - 813847. Calculate n(877).
9
Let k(u) = 239*u + 13152. Determine k(-55).
7
Let m(q) = -66*q**2 - 10863*q + 21723. Give m(2).
-267
Let x(v) = 2*v**3 + 482*v**2 + 2379*v + 119. Calculate x(-5).
24
Let l(m) = m**3 - 4*m**2 - 1125*m + 6773. What is l(6)?
95
Let d(k) = -2*k**3 + 56*k**2 + 970*k + 48. Calculate d(-12).
-72
Let q(f) = -7*f**3 - 137*f**2 - 210*f - 21. Determine q(-18).
195
Let n(p) = 3*p**2 - 3050*p + 51477. What is n(17)?
494
Let t(m) = -m**3 + 153*m**2 - 149*m - 529. Give t(152).
-73
Let q(w) = 2*w**3 + 44*w**2 + 141*w + 93. Give q(-19).
-420
Let z(y) = -14816*y - 29283. What is z(-2)?
349
Let f(w) = -703*w**3 + 6314*w**2 - 9*w + 14. Give f(9).
-1120
Let w(f) = -f**3 - 3*f**2 - 8*f - 93. Determine w(-6).
63
Let x(z) = 19*z**3 - 2281*z**2 + 213*z - 11152. Calculate x(120).
8
Let v(d) = 74281*d - 371463. Calculate v(5).
-58
Let x(k) = k**2 + 14321*k - 1094249. Give x(76).
-77
Let k(h) = -h**2 + 140*h + 6272. Give k(-37).
-277
Let g(d) = 5651*d - 197776. What is g(35)?
9
Let s(n) = 76*n**2 + 1391*n + 2780. Determine s(-2).
302
Let a(j) = -6933*j + 62393. Calculate a(9).
-4
Let d(f) = -3603*f + 14636. What is d(4)?
224
Let t(r) = 168*r - 2858. Calculate t(11).
-1010
Let y(r) = -r**2 - 20828*r + 104182. What is y(5)?
17
Let g(z) = z**3 + 23*z**2 - 45*z - 908. Calculate g(-22).
566
Let x(p) = 3*p**2 + 214*p - 7366. What is x(28)?
978
Let m(q) = 311023*q - 5287397. Determine m(17).
-6
Let d(h) = 30*h**2 + 2621*h + 12352. Calculate d(-5).
-3
Let r(p) = -p**3 - 2*p**2 + 611*p - 5521. What is r(9)?
-913
Let o(c) = -3*c**3 + 19*c**2 - 23*c + 33. What is o(5)?
18
Let f(v) = -76*v - 9082. Determine f(-76).
-3306
Let w(n) = 3*n**3 + 20*n**2 + 24*n + 72. What is w(-8)?
-376
Let h(d) = -30*d**3 - 1211*d**2 - 447*d. Determine h(-40).
280
Let s(b) = 836914*b - 6695321. Determine s(8).
-9
Let g(t) = 4*t**2 + 92*t - 80. Calculate g(0).
-80
Let m(a) = -3*a**3 - 21*a**2 - 56*a - 19. Determine m(-3).
41
Let o(c) = c**3 + 75*c**2 - 329*c - 5647. Give o(-7).
-12
Let t(v) = 2*v**3 - 46*v**2 + 459*v - 9367. What is t(22)?
-237
Let f(q) = -16038*q + 1202792. Determine f(75).
-58
Let k(j) = -198*j**3 - j**2 + 5*j + 25. Determine k(-2).
1595
Let g(r) = -r**2 + 362*r - 1835. Give g(5).
-50
Let a(q) = -29*q**3 - 4*q**2 - 8016*q - 8014. What is a(-1)?
27
Let o(p) = -27*p**3 + 14*p**2 - 32*p + 10. Give o(2).
-214
Let p(m) = 2*m**3 + 6*m**2 - 36*m + 68. Give p(2).
36
Let o(d) = 2488*d - 12317. Determine o(6).
2611
Let k(o) = -10*o**2 - 119*o + 320. Give k(7).
-1003
Let b(n) = 541*n**2 - 892*n + 893. Give b(1).
542
Let q(y) = -y**3 + 31*y**2 - 589*y + 16783. Give q(30).
13
Let o(c) = -1502*c - 928212. Determine o(-618).
24
Let w(f) = 5*f**3 + 92*f**2 - 140*f + 272. Give w(-20).
-128
Let p(y) = -39328*y - 157305. Give p(-4).
7
Let u(t) = t**3 - 124*t**2 + 247*t + 977. Give u(122).
1343
Let r(l) = 3*l**2 + 943*l + 37684. Give r(-47).
-10
Let z(l) = 6138*l - 472768. What is z(77)?
-142
Let c(l) = 544*l**2 - 5469*l + 278. What is c(10)?
-12
Let c(l) = -l**3 - 300*l**2 - 847*l - 163850. Give c(-299).
2
Let s(h) = -1904*h + 9134. Calculate s(5).
-386
Let y(i) = -9935*i + 57812. Calculate y(6).
-1798
Let h(m) = -19*m**3 - 50*m**2 - 12*m - 19. Determine h(-3).
80
Let h(r) = -4*r**3 - 5053*r**2 + 3856*r + 80878. Calculate h(-1264).
-18
Let w(v) = -94*v + 460. Give w(5).
-10
Let n(y) = 3*y**3 + 2*y**2 - 149*y + 918. Calculate n(6).
744
Let o(z) = -29*z**2 - 4453*z - 11996. Determine o(-151).
-822
Let w(f) = 73*f**2 - 4999*f - 2614. Give w(69).
8
Let u(o) = 2*o**3 - 33*o**2 - 645*o. Calculate u(-13).
-1586
Let w(f) = -429*f - 21437. Determine w(-50).
13
Let b(t) = 4151*t + 50263. Give b(-12).
451
Let k(m) = m**3 + 42*m**2 + 79*m + 5844. What is k(-43)?
598
Let w(h) = 133936*h - 6964665. Give w(52).
7
Let u(g) = -2*g**3 + 728*g**2 + 718*g + 4403. Give u(365).
23
Let f(m) = -23688*m + 307942. Give f(13).
-2
Let f(n) = 3659*n - 10975. What is f(3)?
2
Let g(i) = i**2 + 274*i + 6570. Calculate g(-247).
-99
Let d(l) = l**3 - l**2 + 3522*l + 28165. Determine d(-8).
-587
Let g(x) = -6*x**2 - 1050*x - 36571. Determine g(-48).
5
Let i(p) = -p**3 - 24*p**2 - 19*p - 149. Determine i(-22).
-699
Let z(t) = -145605*t + 436840. Calculate z(3).
25
Let x(d) = d**2 + 301604*d + 2111184. What is x(-7)?
5
Let d(p) = -1521*p + 13397. Calculate d(9).
-292
Let j(r) = -r**3 - 47*r**2 + 89*r - 5856. Give j(-51).
9
Let t(d) = d**3 + 156*d**2 + 573*d - 923. Give t(-5).
-13
Let i(g) = g**3 - 108*g**2 + 870*g + 196. Calculate i(99).
-1883
Let i(x) = -62*x**2 - 60*x - 340. Calculate i(-4).
-1092
Let g(o) = -2676*o - 77580. Calculate g(-29).
24
Let d(z) = -475122*z - 5701456. Determine d(-12).
8
Let z(v) = -90*v**2 - 3775*v + 46. Give z(-42).
-164
Let j(v) = 2855*v - 1025064. Determine j(359).
-119
Let n(d) = -7017*d + 617424. Give n(88).
-72
Let o(g) = 4*g**3 + 95*g**2 + 551*g + 13787. Calculate o(-24).
-13
Let g(v) = v**3 - 16*v**2 + 70*v - 106. Determine g(3).
-13
Let g(a) = -12*a**3 + 20*a**2 + 149*a - 150. Calculate g(-6).
2268
Let j(r) = 93*r + 553. Give j(-3).
274
Let v(w) = -665*w**2 - 3310*w + 29. What is v(-5)?
-46
